{"id":93,"date":"2016-11-06T17:22:59","date_gmt":"2016-11-06T16:22:59","guid":{"rendered":"http:\/\/www.kancelaria-warda.pl\/?page_id=93"},"modified":"2023-04-05T19:14:52","modified_gmt":"2023-04-05T17:14:52","slug":"negocjacje-handlowe","status":"publish","type":"page","link":"https:\/\/www.kancelaria-warda.pl\/index.php\/pl\/specjalizacje\/negocjacje-handlowe\/","title":{"rendered":"Negocjacje"},"content":{"rendered":"<p style=\"text-align: justify;\"><span style=\"font-family: tahoma, arial, helvetica, sans-serif; font-size: 14pt;\">Negocjacje to nasza pasja. Mamy na tym polu du\u017ce osi\u0105gni\u0119cia.<\/span><\/p>\n<p style=\"text-align: justify;\"><span style=\"font-family: tahoma, arial, helvetica, sans-serif; font-size: 14pt;\">Doprowadzili\u015bmy do zawarcia wielu um\u00f3w. <\/span><span style=\"font-family: tahoma, arial, helvetica, sans-serif; font-size: 14pt;\">W wielu przypadkach osi\u0105gni\u0119cie kompromisu by\u0142o trudne, ale dzi\u0119ki wiedzy, do\u015bwiadczeniu, elastycznemu podej\u015bciu i zrozumieniu potrzeb kontrahent\u00f3w, doprowadzali\u015bmy do porozumienia satysfakcjonuj\u0105cego Strony.<\/span><\/p>\n","protected":false},"excerpt":{"rendered":"<p>Negocjacje to nasza pasja. Mamy na tym polu du\u017ce osi\u0105gni\u0119cia. Doprowadzili\u015bmy do zawarcia wielu um\u00f3w. W wielu przypadkach osi\u0105gni\u0119cie kompromisu by\u0142o trudne, ale dzi\u0119ki wiedzy, do\u015bwiadczeniu, elastycznemu podej\u015bciu i zrozumieniu potrzeb kontrahent\u00f3w, doprowadzali\u015bmy do porozumienia satysfakcjonuj\u0105cego Strony.<\/p>\n","protected":false},"author":1,"featured_media":0,"parent":60,"menu_order":0,"comment_status":"closed","ping_status":"closed","template":"","meta":[],"_links":{"self":[{"href":"https:\/\/www.kancelaria-warda.pl\/index.php\/wp-json\/wp\/v2\/pages\/93"}],"collection":[{"href":"https:\/\/www.kancelaria-warda.pl\/index.php\/wp-json\/wp\/v2\/pages"}],"about":[{"href":"https:\/\/www.kancelaria-warda.pl\/index.php\/wp-json\/wp\/v2\/types\/page"}],"author":[{"embeddable":true,"href":"https:\/\/www.kancelaria-warda.pl\/index.php\/wp-json\/wp\/v2\/users\/1"}],"replies":[{"embeddable":true,"href":"https:\/\/www.kancelaria-warda.pl\/index.php\/wp-json\/wp\/v2\/comments?post=93"}],"version-history":[{"count":8,"href":"https:\/\/www.kancelaria-warda.pl\/index.php\/wp-json\/wp\/v2\/pages\/93\/revisions"}],"predecessor-version":[{"id":610,"href":"https:\/\/www.kancelaria-warda.pl\/index.php\/wp-json\/wp\/v2\/pages\/93\/revisions\/610"}],"up":[{"embeddable":true,"href":"https:\/\/www.kancelaria-warda.pl\/index.php\/wp-json\/wp\/v2\/pages\/60"}],"wp:attachment":[{"href":"https:\/\/www.kancelaria-warda.pl\/index.php\/wp-json\/wp\/v2\/media?parent=93"}],"curies":[{"name":"wp","href":"https:\/\/api.w.org\/{rel}","templated":true}]}}