{"id":103,"date":"2016-11-06T17:31:36","date_gmt":"2016-11-06T16:31:36","guid":{"rendered":"http:\/\/www.kancelaria-warda.pl\/?page_id=103"},"modified":"2016-11-06T17:31:36","modified_gmt":"2016-11-06T16:31:36","slug":"prawo-pracy","status":"publish","type":"page","link":"https:\/\/www.kancelaria-warda.pl\/index.php\/pl\/specjalizacje\/prawo-pracy\/","title":{"rendered":"Prawo pracy"},"content":{"rendered":"<ul>\n<li>Prowadzimy <strong>sprawy przed s\u0105dami pracy<\/strong>, w tym sporz\u0105dzamy pozwy i odpowiedzi na pozwy, tak\u017ce w sprawach trudnych,<\/li>\n<li>Sporz\u0105dzamy <strong>umowy<\/strong> o prac\u0119, <strong>regulaminy<\/strong>, <strong>kontrakty<\/strong> managerskie, bior\u0105c pod uwag\u0119 uregulowania zwi\u0105zane z w\u0142asno\u015bci\u0105 intelektualn\u0105, ochron\u0105 danych osobowych<\/li>\n<li>Prowadzimy <strong>audyt<\/strong> prawno-pracowinczy,<\/li>\n<li>Doradzimy w trakcie <strong>restrukturyzacji<\/strong> przedsi\u0119biorstw,<\/li>\n<li>Pomagamy przy <strong>migracjach<\/strong> pracowniczych,<\/li>\n<li>Wspomagamy relacje ze zwi\u0105zkami zawodowymi rozwijaj\u0105c praktyk\u0119 <strong>zbiorowego prawa pracy<\/strong>.<\/li>\n<\/ul>\n","protected":false},"excerpt":{"rendered":"<p>Prowadzimy sprawy przed s\u0105dami pracy, w tym sporz\u0105dzamy pozwy i odpowiedzi na pozwy, tak\u017ce w sprawach trudnych, Sporz\u0105dzamy umowy o prac\u0119, regulaminy, kontrakty managerskie, bior\u0105c pod uwag\u0119 uregulowania zwi\u0105zane z w\u0142asno\u015bci\u0105 intelektualn\u0105, ochron\u0105 danych osobowych Prowadzimy audyt prawno-pracowinczy, Doradzimy w trakcie restrukturyzacji przedsi\u0119biorstw, Pomagamy przy migracjach pracowniczych, Wspomagamy relacje ze zwi\u0105zkami zawodowymi rozwijaj\u0105c praktyk\u0119 zbiorowego [&hellip;]<\/p>\n","protected":false},"author":1,"featured_media":0,"parent":60,"menu_order":0,"comment_status":"closed","ping_status":"closed","template":"","meta":[],"_links":{"self":[{"href":"https:\/\/www.kancelaria-warda.pl\/index.php\/wp-json\/wp\/v2\/pages\/103"}],"collection":[{"href":"https:\/\/www.kancelaria-warda.pl\/index.php\/wp-json\/wp\/v2\/pages"}],"about":[{"href":"https:\/\/www.kancelaria-warda.pl\/index.php\/wp-json\/wp\/v2\/types\/page"}],"author":[{"embeddable":true,"href":"https:\/\/www.kancelaria-warda.pl\/index.php\/wp-json\/wp\/v2\/users\/1"}],"replies":[{"embeddable":true,"href":"https:\/\/www.kancelaria-warda.pl\/index.php\/wp-json\/wp\/v2\/comments?post=103"}],"version-history":[{"count":1,"href":"https:\/\/www.kancelaria-warda.pl\/index.php\/wp-json\/wp\/v2\/pages\/103\/revisions"}],"predecessor-version":[{"id":104,"href":"https:\/\/www.kancelaria-warda.pl\/index.php\/wp-json\/wp\/v2\/pages\/103\/revisions\/104"}],"up":[{"embeddable":true,"href":"https:\/\/www.kancelaria-warda.pl\/index.php\/wp-json\/wp\/v2\/pages\/60"}],"wp:attachment":[{"href":"https:\/\/www.kancelaria-warda.pl\/index.php\/wp-json\/wp\/v2\/media?parent=103"}],"curies":[{"name":"wp","href":"https:\/\/api.w.org\/{rel}","templated":true}]}}