{"id":101,"date":"2016-11-06T17:30:56","date_gmt":"2016-11-06T16:30:56","guid":{"rendered":"http:\/\/www.kancelaria-warda.pl\/?page_id=101"},"modified":"2025-09-01T18:21:13","modified_gmt":"2025-09-01T16:21:13","slug":"nieruchomosci","status":"publish","type":"page","link":"https:\/\/www.kancelaria-warda.pl\/index.php\/pl\/specjalizacje\/nieruchomosci\/","title":{"rendered":"Nieruchomo\u015bci"},"content":{"rendered":"<ul>\n<li><span style=\"font-family: tahoma, arial, helvetica, sans-serif; font-size: 14pt;\">Jeste\u015bmy brokerami oraz pocz\u0105tkuj\u0105cymi inwestorami w wi\u0119kszych transakcjach na rynku Nieruchomo\u015bci w ca\u0142ej Polsce &#8211; specjalizujemy <\/span><span style=\"font-family: tahoma, arial, helvetica, sans-serif; font-size: 14pt;\">w nieruchomo\u015bciach gruntowych zabudowanych i niezabudowanych<\/span><\/li>\n<li style=\"text-align: justify;\"><span style=\"font-family: tahoma, arial, helvetica, sans-serif; font-size: 14pt;\">Wsp\u00f3\u0142pracujemy z licznym gronem inwestor\u00f3w polskich i zagranicznych<\/span><\/li>\n<li style=\"text-align: justify;\"><span style=\"font-family: tahoma, arial, helvetica, sans-serif; font-size: 14pt;\">Doradzamy naszym Klientom, czyni\u0105c nasze transakcje mo\u017cliwymi do realizacji<\/span><\/li>\n<li><span style=\"font-family: tahoma, arial, helvetica, sans-serif; font-size: 14pt;\">Poprowadzimy negocjacje tak, by w mo\u017cliwie najszerszy spos\u00f3b zyska\u0142y obie Strony transakcji <\/span><\/li>\n<li><span style=\"font-family: tahoma, arial, helvetica, sans-serif; font-size: 14pt;\">Stosownie do uwarunkowa\u0144, wspieramy prawnie naszych Klient\u00f3w podczas realizacji transakcji\u00a0<\/span><\/li>\n<li style=\"text-align: justify;\"><span style=\"font-family: tahoma, arial, helvetica, sans-serif; font-size: 14pt;\">Prowadzimy audyty nieruchomo\u015bci<\/span><\/li>\n<li style=\"text-align: justify;\"><span style=\"font-family: tahoma, arial, helvetica, sans-serif; font-size: 14pt;\">Uzyskujemy pozwolenia, warunki i decyzje, w tym warunki zabudowy oraz pozwolenia na budow\u0119<\/span><\/li>\n<li style=\"text-align: justify;\"><span style=\"font-family: tahoma, arial, helvetica, sans-serif; font-size: 14pt;\">Opracowujemy umowy i inne dokumenty<\/span><\/li>\n<li><span style=\"font-family: tahoma, arial, helvetica, sans-serif; font-size: 14pt;\">Prowadzimy inne dzia\u0142ania umo\u017cliwiaj\u0105ce skuteczn\u0105 realizacj\u0119 transakcji<\/span><\/li>\n<\/ul>\n","protected":false},"excerpt":{"rendered":"<p>Jeste\u015bmy brokerami oraz pocz\u0105tkuj\u0105cymi inwestorami w wi\u0119kszych transakcjach na rynku Nieruchomo\u015bci w ca\u0142ej Polsce &#8211; specjalizujemy w nieruchomo\u015bciach gruntowych zabudowanych i niezabudowanych Wsp\u00f3\u0142pracujemy z licznym gronem inwestor\u00f3w polskich i zagranicznych Doradzamy naszym Klientom, czyni\u0105c nasze transakcje mo\u017cliwymi do realizacji Poprowadzimy negocjacje tak, by w mo\u017cliwie najszerszy spos\u00f3b zyska\u0142y obie Strony transakcji Stosownie do uwarunkowa\u0144, wspieramy [&hellip;]<\/p>\n","protected":false},"author":1,"featured_media":0,"parent":60,"menu_order":0,"comment_status":"closed","ping_status":"closed","template":"","meta":[],"_links":{"self":[{"href":"https:\/\/www.kancelaria-warda.pl\/index.php\/wp-json\/wp\/v2\/pages\/101"}],"collection":[{"href":"https:\/\/www.kancelaria-warda.pl\/index.php\/wp-json\/wp\/v2\/pages"}],"about":[{"href":"https:\/\/www.kancelaria-warda.pl\/index.php\/wp-json\/wp\/v2\/types\/page"}],"author":[{"embeddable":true,"href":"https:\/\/www.kancelaria-warda.pl\/index.php\/wp-json\/wp\/v2\/users\/1"}],"replies":[{"embeddable":true,"href":"https:\/\/www.kancelaria-warda.pl\/index.php\/wp-json\/wp\/v2\/comments?post=101"}],"version-history":[{"count":10,"href":"https:\/\/www.kancelaria-warda.pl\/index.php\/wp-json\/wp\/v2\/pages\/101\/revisions"}],"predecessor-version":[{"id":669,"href":"https:\/\/www.kancelaria-warda.pl\/index.php\/wp-json\/wp\/v2\/pages\/101\/revisions\/669"}],"up":[{"embeddable":true,"href":"https:\/\/www.kancelaria-warda.pl\/index.php\/wp-json\/wp\/v2\/pages\/60"}],"wp:attachment":[{"href":"https:\/\/www.kancelaria-warda.pl\/index.php\/wp-json\/wp\/v2\/media?parent=101"}],"curies":[{"name":"wp","href":"https:\/\/api.w.org\/{rel}","templated":true}]}}